e the remainder when 293212 is divided by 1281.
1144
What is the remainder when 7728058 is divided by 1288006?
22
Calculate the remainder when 253744 is divided by 49625.
5619
Calculate the remainder when 3929334 is divided by 436592.
6
What is the remainder when 31580466 is divided by 550?
16
What is the remainder when 2378953 is divided by 264?
49
Calculate the remainder when 78391 is divided by 4123.
54
What is the remainder when 5947883 is divided by 77?
18
Calculate the remainder when 3644697 is divided by 4418.
4265
Calculate the remainder when 991837 is divided by 607.
606
Calculate the remainder when 58250 is divided by 58228.
22
Calculate the remainder when 2445969 is divided by 232.
225
Calculate the remainder when 9020240 is divided by 9020224.
16
Calculate the remainder when 3956443 is divided by 215.
13
What is the remainder when 525150 is divided by 1196?
106
What is the remainder when 330099193 is divided by 13120?
13113
Calculate the remainder when 844823 is divided by 16896.
23
What is the remainder when 238156 is divided by 4636?
1720
What is the remainder when 1156881 is divided by 68043?
150
Calculate the remainder when 4251972 is divided by 106298.
52
What is the remainder when 73912314 is divided by 1604?
1598
Calculate the remainder when 383471 is divided by 383439.
32
Calculate the remainder when 159120 is divided by 306.
0
What is the remainder when 97033962 is divided by 19434?
0
Calculate the remainder when 75801 is divided by 1074.
621
What is the remainder when 298692 is divided by 4621?
2948
Calculate the remainder when 43197148 is divided by 5.
3
What is the remainder when 6231669 is divided by 3115832?
5
What is the remainder when 279546 is divided by 69548?
1354
Calculate the remainder when 911275 is divided by 227757.
247
What is the remainder when 16782125 is divided by 80?
45
What is the remainder when 5476481 is divided by 1196?
1193
What is the remainder when 314262 is divided by 1737?
1602
Calculate the remainder when 111955 is divided by 1974.
1411
Calculate the remainder when 80652723 is divided by 18.
15
What is the remainder when 2010912 is divided by 45?
42
What is the remainder when 667429 is divided by 12834?
61
What is the remainder when 383912 is divided by 19181?
292
What is the remainder when 138917 is divided by 7875?
5042
Calculate the remainder when 37061997 is divided by 3.
0
What is the remainder when 36416 is divided by 603?
236
Calculate the remainder when 294803673 is divided by 98267889.
6
What is the remainder when 122894847 is divided by 10241237?
3
What is the remainder when 18991040 is divided by 78?
68
What is the remainder when 6655946 is divided by 640?
586
Calculate the remainder when 37165149 is divided by 89.
84
What is the remainder when 194571 is divided by 191013?
3558
Calculate the remainder when 51308479 is divided by 26516.
19
What is the remainder when 699053 is divided by 62?
3
What is the remainder when 2703979 is divided by 165?
124
Calculate the remainder when 30968272 is divided by 82582.
22
What is the remainder when 2422813 is divided by 807600?
13
Calculate the remainder when 24708812 is divided by 613.
8
What is the remainder when 38931616 is divided by 37945?
46
Calculate the remainder when 619025 is divided by 181.
5
What is the remainder when 190267 is divided by 2004?
1891
What is the remainder when 6238 is divided by 4468?
1770
What is the remainder when 1471740 is divided by 51?
33
Calculate the remainder when 4779015 is divided by 77.
10
Calculate the remainder when 7170824 is divided by 798.
794
Calculate the remainder when 28340 is divided by 7076.
36
Calculate the remainder when 183278 is divided by 81.
56
What is the remainder when 212841 is divided by 4625?
91
What is the remainder when 146508 is divided by 64?
12
What is the remainder when 423383 is divided by 141071?
170
Calculate the remainder when 642537 is divided by 293.
281
Calculate the remainder when 358428 is divided by 2489.
12
Calculate the remainder when 85153 is divided by 7.
5
Calculate the remainder when 97418 is divided by 2217.
2087
What is the remainder when 69417 is divided by 22899?
720
What is the remainder when 370430 is divided by 199?
91
What is the remainder when 22908 is divided by 4533?
243
What is the remainder when 34551 is divided by 2863?
195
What is the remainder when 164811788 is divided by 20601473?
4
What is the remainder when 343465673 is divided by 547?
544
Calculate the remainder when 41796945 is divided by 20.
5
What is the remainder when 3433150 is divided by 3687?
553
Calculate the remainder when 726666 is divided by 20146.
1410
What is the remainder when 1127983 is divided by 884?
883
Calculate the remainder when 55295 is divided by 1777.
208
Calculate the remainder when 9268376 is divided by 402972.
20
What is the remainder when 70027 is divided by 103?
90
Calculate the remainder when 102319287 is divided by 207966.
15
What is the remainder when 2626 is divided by 582?
298
What is the remainder when 8900545 is divided by 541?
13
Calculate the remainder when 4309867 is divided by 51.
10
What is the remainder when 10278733 is divided by 2343?
2335
Calculate the remainder when 151256 is divided by 75514.
228
What is the remainder when 12532 is divided by 464?
4
What is the remainder when 32851 is divided by 824?
715
What is the remainder when 128953 is divided by 143?
110
What is the remainder when 113261 is divided by 4288?
1773
What is the remainder when 12226037 is divided by 292?
289
What is the remainder when 5026356 is divided by 34190?
426
What is the remainder when 9325282 is divided by 2298?
2296
What is the remainder when 8058244 is divided by 24?
4
What is the remainder when 208768344 is divided by 41753668?
4
What is the remainder when 8017192 is divided by 198?
172
Calculate the remainder when 110086071 is divided by 1248.
1239
Calculate the remainder when 24693 is divided by 981.
168
What is the remainder when 15353300 is divided by 30?
20
Calculate the remainder when 466896 is divided by 37.
30
Calculate the remainder when 142323 is divided by 2790.
33
Calculate the remainder when 60494 is divided by 746.
68
What is the remainder when 88079 is divided by 29263?
290
What is the remainder when 117449 is divided by 67?
65
Calculate the remainder when 19917 is divided by 868.
821
What is the remainder when 86884 is divided by 4493?
1517
Calculate the remainder when 18918338 is divided by 685.
8
What is the remainder when 7922068 is divided by 1170?
1168
Calculate the remainder when 866153 is divided by 599.
598
What is the remainder when 1827174 is divided by 1809?
84
Calculate the remainder when 6609512 is divided by 187.
184
Calculate the remainder when 690768 is divided by 15699.
12
What is the remainder when 378954 is divided by 126127?
573
Calculate the remainder when 431506 is divided by 8471.
7956
Calculate the remainder when 17094999 is divided by 1300.
1299
What is the remainder when 66470 is divided by 21754?
1208
Calculate the remainder when 53350835 is divided by 1086.
1085
Calculate the remainder when 741441 is divided by 331.
1
Calculate the remainder when 224327592 is divided by 1151.
1145
What is the remainder when 163262 is divided by 15840?
4862
What is the remainder when 1164018 is divided by 581584?
850
Calculate the remainder when 43245089 is divided by 2610.
2609
What is the remainder when 197342 is divided by 1810?
52
Calculate the remainder when 215090 is divided by 293.
28
What is the remainder when 13742684 is divided by 15?
14
What is the remainder when 195116 is divided by 399?
5
Calculate the remainder when 134804160 is divided by 1377.
1368
What is the remainder when 18325122 is divided by 5723?
76
What is the remainder when 64497956 is divided by 712?
12
Calculate the remainder when 46783 is divided by 4652.
263
What is the remainder when 39240367 is divided by 1449?
1447
Calculate the remainder when 104126897 is divided by 115.
32
What is the remainder when 12015177 is divided by 2286?
2247
What is the remainder when 444679557 is divided by 520?
517
What is the remainder when 148857859 is divided by 607583?
24
What is the remainder when 2773357 is divided by 462224?
13
Calculate the remainder when 108074 is div